rst derivative of r**3/3 - 4*r**2 + r - 4. What is the tens digit of p(9)?
1
Let v(f) = f**2 + 5*f - 3. Let l be v(-6). Let n(w) = 5*w + 1. What is the tens digit of n(l)?
1
Suppose -7*f + 10*f = 306. What is the units digit of f?
2
Let t = -21 - -19. Let p = t - -14. What is the tens digit of p?
1
Let r = -4 - -15. Suppose -t = 3*t. Suppose t*b - r = -b. What is the units digit of b?
1
What is the tens digit of (3/2)/((-9)/(-300))?
5
Let o(w) = -w - 4. Let d be o(-9). Suppose -2 = 3*k - d. Let a(v) = 6*v**3 - 2*v**2 + 1. What is the units digit of a(k)?
5
Let a(v) = v**2 + 11*v + 3. What is the tens digit of a(-15)?
6
Let v(o) = 0*o - 3*o - 4 + 1. What is the units digit of v(-3)?
6
Let d(l) = -2*l + 1. Let f be d(-1). Suppose f = 3*y - 24. What is the units digit of 33/y*3 + 2?
3
Let g be 0 + (7 + 2 - 2). Suppose 0 = g*j - 3*j - 80. What is the tens digit of j?
2
Let i(r) = 4*r - 3. Let s be i(3). Let f(m) = -m**2 + 10*m + 3. What is the units digit of f(s)?
2
Let r(u) = u**3 - 5*u**2 - 7*u + 8. Let h be r(6). Let v be -2 - (6/(-3) - h). Suppose 0 = -v*y - 3 + 19. What is the units digit of y?
8
Let a = -4 + 1. Let h be (a - -6) + 0 + -1. Suppose 5*m = 8 + h. What is the units digit of m?
2
Let h be (-2 + 1)*-7 + 1. Let u = h - 2. What is the units digit of u?
6
Let q(i) = -i**3 + 6*i**2 - 3*i - 4. Suppose 0 = 2*c - 10. What is the units digit of q(c)?
6
Suppose -4*u - 4*k + 20 = 0, 0 = 2*u + 3*u - k - 13. Suppose -2*g = 5*h - 34, 61 = u*g + h + 23. What is the units digit of g?
2
Let d(b) = b**3 + 9*b**2 + 9*b - 2. What is the tens digit of d(-5)?
5
Let k(g) = -35*g - 53. What is the hundreds digit of k(-7)?
1
Let i(k) = -k**2 + 4*k + 2. Let y be i(3). Suppose -b = -y*b + 20. Suppose -b*a = -4 - 1. What is the units digit of a?
1
Suppose -183 = 5*l + 12. Let j = 56 + l. What is the units digit of j?
7
Suppose p + 42 = 2*h - 132, 0 = -2*h - p + 182. What is the tens digit of h?
8
Let x(v) = v**3 - 3*v**2 + 5*v - 4. Let d be x(4). Let z = -16 + d. What is the units digit of z?
6
Let b(s) = 3*s - 3*s + 9*s**2 + 11 - s**3 - s. What is the units digit of b(9)?
2
Suppose 2*y - 14 = -3*i - 0*y, -3*i - 10 = -4*y. Suppose 0 = i*f - 6 + 4. What is the units digit of f?
1
Let h(s) be the second derivative of s**5/20 - s**4 - 2*s**3 - 3*s**2/2 - 3*s. What is the units digit of h(13)?
0
Suppose 0 = u - 3*u + 2*q + 6, 3*u - 17 = -5*q. Suppose u*k - 46 = -0*c + 2*c, k + c - 4 = 0. What is the units digit of k?
9
Let r be (36/(-2))/((-6)/(-4)). What is the units digit of r/18*3/(-2)?
1
Suppose -2*d = 3*d. Suppose 4*x + 7 - 15 = 0. Suppose 0*a - 2*a + x = d. What is the units digit of a?
1
Let v(s) = 23*s**2 + 3*s - 2. What is the units digit of v(1)?
4
Suppose -f - 2 = 0, -3*f - 2*f = t - 29. Let n = t + -11. What is the tens digit of n?
2
Let f(q) = -q**2 + 7*q + 2. Suppose -5*y + 39 + 16 = 0. Suppose 4*a = -4*c + 3*a + y, 2*c + 7 = -3*a. What is the tens digit of f(c)?
1
Suppose 1 = 4*w - 7. Suppose 10 = -w*k + 3*k. What is the units digit of k?
0
What is the tens digit of 69*21/9 - 5?
5
Let a be 3/(-1 + 2/8). Let d be (-13)/a - 1/4. What is the units digit of -2*(-3)/6*d?
3
Let a = -13 + 21. Suppose -a = -0*g - 4*g. Suppose -4*b - m + 6 = -2*b, -g*b + 4*m + 16 = 0. What is the units digit of b?
4
Let s be (13/4)/(2/(-8)). Let g = -31 - s. Let j = 25 + g. What is the units digit of j?
7
What is the hundreds digit of 5272/14 - (0 + (-9)/21)?
3
What is the tens digit of 155 + 2 + 4/1?
6
Suppose -5*a + 525 = -2*a - 2*b, -b = 3*a - 525. What is the hundreds digit of a?
1
Let t = 4 + 4. Let j(r) = r**2 - 8*r + 11. What is the units digit of j(t)?
1
Let d = -1 + 37. Let l(m) = 2*m**3 - 2*m**2 - 2*m + 1. Let c be l(2). Suppose 3*s - 3*f - d = 0, c*f + 4 = -5*s + 14. What is the units digit of s?
7
Let y = -18 + 96. What is the tens digit of y?
7
Let q be (-396)/(-14) + 4/(-14). What is the tens digit of 0 + (-3)/3 + q?
2
What is the tens digit of ((-7)/7)/(2/(-102))?
5
Let v be (-5 - -15)*(-1)/(-2). Suppose 0 = 2*x + 5*b - v, -2 + 4 = 2*b. Suppose x = 5*o - 2*h - 37, -2*o - 2*h - 30 = -6*o. What is the units digit of o?
7
What is the units digit of (6 - 0)/(13/351)?
2
Suppose 0 = -4*x + 5*x + 5. What is the units digit of x/(-1)*1/1?
5
Let o(f) = -f**2 + 5*f + 6. Let l be o(6). Suppose l = -11*q + 13*q - 38. What is the tens digit of q?
1
Let n(x) = -x**3 - 3*x**2 + 8*x + 4. What is the tens digit of n(-7)?
4
Suppose v + 48 = x + 5*v, -15 = -5*v. What is the tens digit of x?
3
Let p(d) = -34*d. What is the tens digit of p(-1)?
3
Let v(f) = 10*f - 1. Suppose -2*d - 1 = 3. Let w be v(d). What is the units digit of (2/6)/((-1)/w)?
7
Let p(v) = 11*v**2 - v + 6. Suppose 1 = 3*s + 4*r, -2*r + 20 = -6*r. Let c(m) = 5*m**2 + 3. Let b(g) = s*c(g) - 3*p(g). What is the units digit of b(-2)?
5
Suppose 5*k + 6*n - n - 145 = 0, n = -2*k + 57. What is the tens digit of k?
2
Suppose 2*w = -2*w. Suppose 2*m + j = m + 27, 4*j + 12 = w. Let f = m - 19. What is the units digit of f?
1
Let r be 126/5 + 1/(-5). Suppose 2*g = 4*h - 26, -5*g = 2*h - 18 - r. What is the units digit of h?
9
Let g(v) = v + 1. Let u be g(5). Let n be (-3 - (-16)/u)*-42. Suppose -2*m + 6*j - n = 2*j, 0 = -5*m - 4*j + 21. What is the units digit of m?
1
Let d be 0/(-3) - -2 - -1. Suppose 5*i - 9 = -2*g, -9 - 4 = -d*i - 5*g. What is the units digit of 1 + 0 - 0/i?
1
Suppose -3*t + 172 = t. Suppose t = f + 8. What is the tens digit of f?
3
Let q be ((-21)/(-9))/(1/(-12)). Let n = 50 + q. What is the tens digit of n?
2
Suppose 3*v + 289 = 6*v + 2*u, -5*u - 465 = -5*v. What is the units digit of v?
5
Suppose -4*u + 3*l = -2, 3 - 5 = 3*u - 4*l. Let j(y) = -y**3 + 2*y**2 + 3*y + 1. Let h be j(3). What is the units digit of ((h - -3) + 0)/u?
2
Let u(t) = t**3 + 8*t**2 + t - 5. Suppose -2*n + 8*n = -42. What is the units digit of u(n)?
7
Let i(x) = -2*x. Let h be i(-1). Suppose -n + 7 = 3*l, -3*n - 37 = -3*l + h*n. What is the units digit of l?
4
Let w(b) = 0 + b + b**2 - 3*b + 4*b + 2. Let i be w(-3). Suppose i*r - 8 = 17. What is the units digit of r?
5
Let f = -57 + 41. Let m = 39 + f. What is the tens digit of m?
2
Let z(v) be the first derivative of -v**2/2 + 7*v + 1. Let q be (-2 + 2)/(-5 - -7). What is the units digit of z(q)?
7
Suppose -4*g = 6*g - 250. What is the units digit of g?
5
Let l(f) = f - 3 - 2*f + 20. Suppose -2*g - 7 = -21. What is the units digit of l(g)?
0
Suppose 4*b - 2*v + v = 1188, 2*b + 5*v - 616 = 0. What is the hundreds digit of b?
2
Let u = 338 - 156. What is the tens digit of u?
8
Let l(r) = -r**3 + 7*r**2 + 10*r. What is the units digit of l(8)?
6
Let v be (0 + -12)*9/9. What is the tens digit of v*-1*(-28)/(-16)?
2
Let h be ((-3)/2 + 2)*0. Let q be (h + (1 - 0))*1. Suppose 2 = z - q. What is the units digit of z?
3
Let r = -11 + 23. Suppose 0*n = -3*n + r. What is the units digit of n?
4
Suppose o + 3*o = 20. Suppose -o*w = -w + 20. Let z = -3 - w. What is the units digit of z?
2
Suppose -2 = 3*b + 7. What is the units digit of (-16)/b - (-2)/(-6)?
5
Let n = -8 + 11. Let s = n + -1. What is the units digit of s?
2
Suppose 3*f + 5*p - 2 = 0, 8 = -2*p - 2. Let k(v) = 2*v**3 - f*v**2 - v**3 - 2 + v + 3*v**2. What is the units digit of k(6)?
4
Let f be (-1)/(-1)*(7 - 4). Suppose -5*m = 0, 2*m + 2*m = f*v - 66. What is the tens digit of v?
2
Let g = -87 - -94. What is the units digit of g?
7
Suppose 5*s + 23 + 42 = 0. Let n = s + 27. What is the tens digit of n?
1
Suppose -30 = 2*r + 3*r. What is the units digit of r/15 + 66/15?
4
Let d = -31 - -72. Suppose 4*y = 4*k + 3*y - d, -y = 3*k - 36. What is the units digit of k?
1
Let x(l) = l**2 - 3*l - 11. Let t(q) = q + 1. Let g(f) = 6*t(f) + x(f). What is the tens digit of g(-6)?
1
Let a be (-2)/(((-4)/(-2))/2). What is the tens digit of (a - 15)/((-2)/6)?
5
Let f(t) = t**2 - 3*t + 1. Let a be f(2). Let m be (a + 1 + 17)*2. Suppose i - 3*z + m = 6*i, -4*z - 24 = -2*i. What is the units digit of i?
8
Let y(i) = i**2 - 3*i - 3. Let u be y(3). Let a = 1 - u. Let f = 8 - a. What is the units digit of f?
4
Suppose 0 = 4*y - 18 - 6. Let d = 26 - y. What is the units digit of d?
0
Let x be ((-12)/8)/((-3)/(-48)*4). Let i(s) = 5*s**2 - 12*s + 5. Let d(n) = -14*n**2 + 35*n - 15. Let k(u) = -6*d(u) - 17*i(u). What is the units digit of k(x)?
5